{"id":1454,"date":"2022-05-20T20:35:58","date_gmt":"2022-05-20T18:35:58","guid":{"rendered":"https:\/\/entreprise-en-transition.fr\/?page_id=1454"},"modified":"2022-09-08T16:01:04","modified_gmt":"2022-09-08T14:01:04","slug":"et-si-nous-prenions-soin-de-la-biodiversite-pour-accelerer-la-transition","status":"publish","type":"page","link":"https:\/\/entreprise-en-transition.fr\/index.php\/et-si-nous-prenions-soin-de-la-biodiversite-pour-accelerer-la-transition\/","title":{"rendered":"Et si nous prenions soin de la biodiversit\u00e9, pour acc\u00e9l\u00e9rer la transition\u00a0?"},"content":{"rendered":"\t\t<div data-elementor-type=\"wp-post\" data-elementor-id=\"1454\" class=\"elementor elementor-1454\" data-elementor-post-type=\"page\">\n\t\t\t\t\t\t<section class=\"elementor-section elementor-top-section elementor-element elementor-element-9a1559 elementor-section-height-min-height elementor-section-stretched elementor-section-boxed elementor-section-height-default elementor-section-items-middle\" data-id=\"9a1559\" data-element_type=\"section\" data-e-type=\"section\" data-settings=\"{&quot;background_background&quot;:&quot;classic&quot;,&quot;stretch_section&quot;:&quot;section-stretched&quot;}\">\n\t\t\t\t\t\t\t<div class=\"elementor-background-overlay\"><\/div>\n\t\t\t\t\t\t\t<div class=\"elementor-container elementor-column-gap-no\">\n\t\t\t\t\t<div class=\"elementor-column elementor-col-100 elementor-top-column elementor-element elementor-element-4ee70606\" data-id=\"4ee70606\" data-element_type=\"column\" data-e-type=\"column\">\n\t\t\t<div class=\"elementor-widget-wrap elementor-element-populated\">\n\t\t\t\t\t\t\t<\/div>\n\t\t<\/div>\n\t\t\t\t\t<\/div>\n\t\t<\/section>\n\t\t\t\t<section class=\"elementor-section elementor-top-section elementor-element elementor-element-354b3f8a elementor-section-boxed elementor-section-height-default elementor-section-height-default\" data-id=\"354b3f8a\" data-element_type=\"section\" data-e-type=\"section\" data-settings=\"{&quot;background_background&quot;:&quot;classic&quot;}\">\n\t\t\t\t\t\t<div class=\"elementor-container elementor-column-gap-default\">\n\t\t\t\t\t<div class=\"elementor-column elementor-col-100 elementor-top-column elementor-element elementor-element-5932235c\" data-id=\"5932235c\" data-element_type=\"column\" data-e-type=\"column\" data-settings=\"{&quot;background_background&quot;:&quot;classic&quot;}\">\n\t\t\t<div class=\"elementor-widget-wrap elementor-element-populated\">\n\t\t\t\t\t\t<div class=\"elementor-element elementor-element-341878c elementor-invisible elementor-widget elementor-widget-heading\" data-id=\"341878c\" data-element_type=\"widget\" data-e-type=\"widget\" data-settings=\"{&quot;_animation&quot;:&quot;fadeInLeft&quot;,&quot;_animation_delay&quot;:&quot;500&quot;}\" data-widget_type=\"heading.default\">\n\t\t\t\t<div class=\"elementor-widget-container\">\n\t\t\t\t\t<h2 class=\"elementor-heading-title elementor-size-default\">Et si nous prenions soin de la biodiversit\u00e9, pour acc\u00e9l\u00e9rer la transition\u00a0?<\/h2>\t\t\t\t<\/div>\n\t\t\t\t<\/div>\n\t\t\t\t<div class=\"elementor-element elementor-element-53f79884 elementor-invisible elementor-widget elementor-widget-text-editor\" data-id=\"53f79884\" data-element_type=\"widget\" data-e-type=\"widget\" data-settings=\"{&quot;_animation&quot;:&quot;fadeInLeft&quot;,&quot;_animation_delay&quot;:&quot;400&quot;}\" data-widget_type=\"text-editor.default\">\n\t\t\t\t<div class=\"elementor-widget-container\">\n\t\t\t\t\t\t\t\t\t<p  align=\"JUSTIFY\">Les activit\u00e9s humaines mettent en p\u00e9ril la biodiversit\u00e9 \u00e0 l\u2019\u00e9chelle mondiale et toutes les composantes de l\u2019\u00e9cosyst\u00e8me vivant, dont nous faisons partie. L\u2019IPBES, Plateforme Intergouvernementale Scientifique et Politique sur la Biodiversit\u00e9 et les Services Ecosyst\u00e9miques (organisme relevant de l&rsquo;ONU), souligne en effet que la disparition de la biodiversit\u00e9, provoqu\u00e9e par les activit\u00e9s humaines, est 1000 fois sup\u00e9rieure au taux naturel d\u2019extinction des animaux.Beaucoup d\u2019esp\u00e8ces n\u2019ont pas le temps de s\u2019adapter aux changements en cours et cela g\u00e9n\u00e8re un processus d\u2019extinction d\u2019une rapidit\u00e9 in\u00e9dite dans l\u2019histoire de la plan\u00e8te. <\/p>\n<p s align=\"JUSTIFY\">De nombreux scientifiques soulignent le fait que notre survie qui d\u00e9pend de celle de notre \u00e9cosyst\u00e8me naturel et de certaines esp\u00e8ces menac\u00e9es telles que les abeilles et autres pollinisateurs. Agir pour pr\u00e9server la biodiversit\u00e9 permet donc d\u2019att\u00e9nuer les effets des activit\u00e9s humaines sur notre environnement et de contribuer \u00e0 sa r\u00e9silience. Cela nous offre aussi, par la m\u00eame occasion, le plaisir de c\u00f4toyer et d\u2019observer les esp\u00e8ces v\u00e9g\u00e9tales et animales au fil des saisons.<\/p>\n<p align=\"JUSTIFY\"><\/p>\n\t\t\t\t\t\t\t\t<\/div>\n\t\t\t\t<\/div>\n\t\t\t\t<div class=\"elementor-element elementor-element-d3712da elementor-widget elementor-widget-image\" data-id=\"d3712da\" data-element_type=\"widget\" data-e-type=\"widget\" data-widget_type=\"image.default\">\n\t\t\t\t<div class=\"elementor-widget-container\">\n\t\t\t\t\t\t\t\t\t\t\t\t\t\t\t<img fetchpriority=\"high\" decoding=\"async\" width=\"768\" height=\"519\" src=\"https:\/\/entreprise-en-transition.fr\/wp-content\/uploads\/2022\/05\/abeille-768x519.png\" class=\"attachment-medium_large size-medium_large wp-image-1459\" alt=\"abeille\" srcset=\"https:\/\/entreprise-en-transition.fr\/wp-content\/uploads\/2022\/05\/abeille-768x519.png 768w, https:\/\/entreprise-en-transition.fr\/wp-content\/uploads\/2022\/05\/abeille-300x203.png 300w, https:\/\/entreprise-en-transition.fr\/wp-content\/uploads\/2022\/05\/abeille.png 1024w\" sizes=\"(max-width: 768px) 85vw, 768px\" \/>\t\t\t\t\t\t\t\t\t\t\t\t\t\t\t<\/div>\n\t\t\t\t<\/div>\n\t\t\t\t<div class=\"elementor-element elementor-element-7511256 elementor-invisible elementor-widget elementor-widget-heading\" data-id=\"7511256\" data-element_type=\"widget\" data-e-type=\"widget\" data-settings=\"{&quot;_animation&quot;:&quot;fadeInLeft&quot;,&quot;_animation_delay&quot;:&quot;500&quot;}\" data-widget_type=\"heading.default\">\n\t\t\t\t<div class=\"elementor-widget-container\">\n\t\t\t\t\t<h2 class=\"elementor-heading-title elementor-size-default\">Comment faire\u00a0?\n <\/h2>\t\t\t\t<\/div>\n\t\t\t\t<\/div>\n\t\t\t\t<div class=\"elementor-element elementor-element-8e92d9f elementor-invisible elementor-widget elementor-widget-text-editor\" data-id=\"8e92d9f\" data-element_type=\"widget\" data-e-type=\"widget\" data-settings=\"{&quot;_animation&quot;:&quot;fadeInLeft&quot;,&quot;_animation_delay&quot;:&quot;400&quot;}\" data-widget_type=\"text-editor.default\">\n\t\t\t\t<div class=\"elementor-widget-container\">\n\t\t\t\t\t\t\t\t\t<p align=\"JUSTIFY\">Il s\u2019agit de gestes que chacun peut mettre en \u0153uvre, d\u00e8s \u00e0 pr\u00e9sent, comme une contribution au devenir de l\u2019humanit\u00e9 et de la plan\u00e8te par un comportement \u00e9co-citoyen quotidien.<\/p>\n<p align=\"JUSTIFY\">Voici quelques champs d\u2019action possibles pour votre entreprise\u00a0:<\/p>\n\n<ul>\n \t<li>R\u00e9duire ou supprimer l\u2019usage de produits phytosanitaire et d\u2019entretien.<\/li>\n \t<li>Maintenir des espaces en friche.<\/li>\n \t<li>Cr\u00e9er une prairie fleurie (plantes mellif\u00e8res, locales, sauvages) et\/ou r\u00e9duire la fr\u00e9quence des tontes des pelouses (cela peut aussi, dans certains cas, permettre de r\u00e9duire les co\u00fbts d\u2019entretien des espaces ext\u00e9rieurs).<\/li>\n \t<li>Cr\u00e9er des habitats pour les esp\u00e8ces naturelles locales (nichoirs \u00e0 oiseaux, h\u00f4tels \u00e0 insectes\u2026).<\/li>\n \t<li>\nMettre en place un site de compostage (d\u00e9chets verts, d\u00e9chets alimentaires\u2026).\n<\/li>\n \t<li>\nD\u00e9sartificialiser les zones de stationnements.\n<\/li>\n \t<li>\nPlanter des arbres fruitiers.\n<\/li>\n \t<li>\nV\u00e9g\u00e9taliser les murs et\/ou les toits.\n<\/li>\n \t<li>\nCollecter l\u2019eau de pluie, cr\u00e9er une mare.\n<\/li>\n \t<li>\nSupprimer l\u2019\u00e9clairage nocturne (pour pr\u00e9server les chauves souris, papillons\u2026).\n<\/li>\n \t<li>\nAfficher les actions mises en \u0153uvre (panneaux explicatifs, affiches\u2026).\n<\/li>\n \t<li>\nSe mettre d\u2019accord sur une approche commune de gestion des espaces verts avec les entreprises implant\u00e9es \u00e0 proximit\u00e9.\n<\/li>\n<\/ul>\t\t\t\t\t\t\t\t<\/div>\n\t\t\t\t<\/div>\n\t\t\t\t<div class=\"elementor-element elementor-element-6dfda064 elementor-invisible elementor-widget elementor-widget-heading\" data-id=\"6dfda064\" data-element_type=\"widget\" data-e-type=\"widget\" data-settings=\"{&quot;_animation&quot;:&quot;fadeInLeft&quot;,&quot;_animation_delay&quot;:&quot;500&quot;}\" data-widget_type=\"heading.default\">\n\t\t\t\t<div class=\"elementor-widget-container\">\n\t\t\t\t\t<h2 class=\"elementor-heading-title elementor-size-default\">Sites de r\u00e9f\u00e9rence : <\/h2>\t\t\t\t<\/div>\n\t\t\t\t<\/div>\n\t\t\t\t<div class=\"elementor-element elementor-element-feff6f6 elementor-invisible elementor-widget elementor-widget-text-editor\" data-id=\"feff6f6\" data-element_type=\"widget\" data-e-type=\"widget\" data-settings=\"{&quot;_animation&quot;:&quot;fadeInLeft&quot;,&quot;_animation_delay&quot;:&quot;400&quot;}\" data-widget_type=\"text-editor.default\">\n\t\t\t\t<div class=\"elementor-widget-container\">\n\t\t\t\t\t\t\t\t\t<p>&#8211; <a href=\"https:\/\/www.lesentreprisesdupaysage.fr\/content\/uploads\/2019\/12\/guide-biodiversite-ref-gestion-ecologique-des-jardins-noe.pdf\">https:\/\/www.lesentreprisesdupaysage.fr\/content\/uploads\/2019\/12\/guide-biodiversite-ref-gestion-ecologique-des-jardins-noe.pdf<\/a><\/p>\n<p>&#8211; <a href=\"https:\/\/ipbes.net\/fr\">https:\/\/ipbes.net\/fr<\/a><\/p>\n<p>&#8211; <a href=\"https:\/\/cdn.greenpeace.fr\/site\/uploads\/2016\/02\/rapport-le-declin-des-abeilles.pdf\">https:\/\/cdn.greenpeace.fr\/site\/uploads\/2016\/02\/rapport-le-declin-des-abeilles.pdf<\/a> <br><\/p>\n<ul>\n<\/ul>\t\t\t\t\t\t\t\t<\/div>\n\t\t\t\t<\/div>\n\t\t\t\t\t<\/div>\n\t\t<\/div>\n\t\t\t\t\t<\/div>\n\t\t<\/section>\n\t\t\t\t<section class=\"elementor-section elementor-top-section elementor-element elementor-element-5e74fec1 elementor-section-stretched elementor-section-boxed elementor-section-height-default elementor-section-height-default\" data-id=\"5e74fec1\" data-element_type=\"section\" data-e-type=\"section\" data-settings=\"{&quot;background_background&quot;:&quot;classic&quot;,&quot;stretch_section&quot;:&quot;section-stretched&quot;}\">\n\t\t\t\t\t\t<div class=\"elementor-container elementor-column-gap-default\">\n\t\t\t\t\t<div class=\"elementor-column elementor-col-100 elementor-top-column elementor-element elementor-element-2e7ce44a\" data-id=\"2e7ce44a\" data-element_type=\"column\" data-e-type=\"column\">\n\t\t\t<div class=\"elementor-widget-wrap elementor-element-populated\">\n\t\t\t\t\t\t<div class=\"elementor-element elementor-element-995365c elementor-widget elementor-widget-image\" data-id=\"995365c\" data-element_type=\"widget\" data-e-type=\"widget\" data-widget_type=\"image.default\">\n\t\t\t\t<div class=\"elementor-widget-container\">\n\t\t\t\t\t\t\t\t\t\t\t\t\t\t\t<img decoding=\"async\" width=\"298\" height=\"300\" src=\"https:\/\/entreprise-en-transition.fr\/wp-content\/uploads\/2022\/09\/logo-biodiversite-sm-298x300.png\" class=\"attachment-medium size-medium wp-image-1914\" alt=\"\" srcset=\"https:\/\/entreprise-en-transition.fr\/wp-content\/uploads\/2022\/09\/logo-biodiversite-sm-298x300.png 298w, https:\/\/entreprise-en-transition.fr\/wp-content\/uploads\/2022\/09\/logo-biodiversite-sm-1016x1024.png 1016w, https:\/\/entreprise-en-transition.fr\/wp-content\/uploads\/2022\/09\/logo-biodiversite-sm-150x150.png 150w, https:\/\/entreprise-en-transition.fr\/wp-content\/uploads\/2022\/09\/logo-biodiversite-sm-768x774.png 768w, https:\/\/entreprise-en-transition.fr\/wp-content\/uploads\/2022\/09\/logo-biodiversite-sm-1524x1536.png 1524w, https:\/\/entreprise-en-transition.fr\/wp-content\/uploads\/2022\/09\/logo-biodiversite-sm-1200x1209.png 1200w, https:\/\/entreprise-en-transition.fr\/wp-content\/uploads\/2022\/09\/logo-biodiversite-sm.png 1654w\" sizes=\"(max-width: 298px) 85vw, 298px\" \/>\t\t\t\t\t\t\t\t\t\t\t\t\t\t\t<\/div>\n\t\t\t\t<\/div>\n\t\t\t\t\t<\/div>\n\t\t<\/div>\n\t\t\t\t\t<\/div>\n\t\t<\/section>\n\t\t\t\t<section class=\"elementor-section elementor-top-section elementor-element elementor-element-c5b916e elementor-section-boxed elementor-section-height-default elementor-section-height-default\" data-id=\"c5b916e\" data-element_type=\"section\" data-e-type=\"section\" data-settings=\"{&quot;background_background&quot;:&quot;classic&quot;}\">\n\t\t\t\t\t\t<div class=\"elementor-container elementor-column-gap-default\">\n\t\t\t\t\t<div class=\"elementor-column elementor-col-100 elementor-top-column elementor-element elementor-element-bfbe378\" data-id=\"bfbe378\" data-element_type=\"column\" data-e-type=\"column\" data-settings=\"{&quot;background_background&quot;:&quot;classic&quot;}\">\n\t\t\t<div class=\"elementor-widget-wrap elementor-element-populated\">\n\t\t\t\t\t\t<div class=\"elementor-element elementor-element-120d34d elementor-invisible elementor-widget elementor-widget-heading\" data-id=\"120d34d\" data-element_type=\"widget\" data-e-type=\"widget\" data-settings=\"{&quot;_animation&quot;:&quot;fadeInLeft&quot;,&quot;_animation_delay&quot;:&quot;500&quot;}\" data-widget_type=\"heading.default\">\n\t\t\t\t<div class=\"elementor-widget-container\">\n\t\t\t\t\t<h2 class=\"elementor-heading-title elementor-size-default\">Affichons notre volont\u00e9 d\u2019acc\u00e9l\u00e9rer la transition\u00a0:<\/h2>\t\t\t\t<\/div>\n\t\t\t\t<\/div>\n\t\t\t\t<div class=\"elementor-element elementor-element-d98f28e elementor-invisible elementor-widget elementor-widget-text-editor\" data-id=\"d98f28e\" data-element_type=\"widget\" data-e-type=\"widget\" data-settings=\"{&quot;_animation&quot;:&quot;fadeInLeft&quot;,&quot;_animation_delay&quot;:&quot;400&quot;}\" data-widget_type=\"text-editor.default\">\n\t\t\t\t<div class=\"elementor-widget-container\">\n\t\t\t\t\t\t\t\t\t<p align=\"JUSTIFY\">Pour rappeler aux autres utilisateurs de votre \u00e9cosyst\u00e8me professionnel (ou personnel) l\u2019importance d\u2019adopter des comportements \u00e9co-responsables pour prendre soin de la biodiversit\u00e9, nous vous proposons d\u2019apposer, sur tous les supports et en tout endroit pertinent, des affichettes et\/ou des autocollants de sensibilisation.<\/p>\t\t\t\t\t\t\t\t<\/div>\n\t\t\t\t<\/div>\n\t\t\t\t\t<\/div>\n\t\t<\/div>\n\t\t\t\t\t<\/div>\n\t\t<\/section>\n\t\t\t\t<section class=\"elementor-section elementor-top-section elementor-element elementor-element-229e999 elementor-section-boxed elementor-section-height-default elementor-section-height-default\" data-id=\"229e999\" data-element_type=\"section\" data-e-type=\"section\">\n\t\t\t\t\t\t<div class=\"elementor-container elementor-column-gap-default\">\n\t\t\t\t\t<div class=\"elementor-column elementor-col-100 elementor-top-column elementor-element elementor-element-30d0d3f\" data-id=\"30d0d3f\" data-element_type=\"column\" data-e-type=\"column\">\n\t\t\t<div class=\"elementor-widget-wrap elementor-element-populated\">\n\t\t\t\t\t\t<div class=\"elementor-element elementor-element-049054b elementor-invisible elementor-widget elementor-widget-heading\" data-id=\"049054b\" data-element_type=\"widget\" data-e-type=\"widget\" data-settings=\"{&quot;_animation&quot;:&quot;fadeInLeft&quot;,&quot;_animation_delay&quot;:&quot;500&quot;}\" data-widget_type=\"heading.default\">\n\t\t\t\t<div class=\"elementor-widget-container\">\n\t\t\t\t\t<h2 class=\"elementor-heading-title elementor-size-default\">Nos supports :<\/h2>\t\t\t\t<\/div>\n\t\t\t\t<\/div>\n\t\t\t\t\t<\/div>\n\t\t<\/div>\n\t\t\t\t\t<\/div>\n\t\t<\/section>\n\t\t\t\t<section class=\"elementor-section elementor-top-section elementor-element elementor-element-1f9e473 elementor-section-boxed elementor-section-height-default elementor-section-height-default\" data-id=\"1f9e473\" data-element_type=\"section\" data-e-type=\"section\">\n\t\t\t\t\t\t<div class=\"elementor-container elementor-column-gap-default\">\n\t\t\t\t\t<div class=\"elementor-column elementor-col-50 elementor-top-column elementor-element elementor-element-6d3db6a\" data-id=\"6d3db6a\" data-element_type=\"column\" data-e-type=\"column\">\n\t\t\t<div class=\"elementor-widget-wrap elementor-element-populated\">\n\t\t\t\t\t\t<div class=\"elementor-element elementor-element-3c96930 elementor-widget elementor-widget-image\" data-id=\"3c96930\" data-element_type=\"widget\" data-e-type=\"widget\" data-widget_type=\"image.default\">\n\t\t\t\t<div class=\"elementor-widget-container\">\n\t\t\t\t\t\t\t\t\t\t\t\t\t\t\t<img decoding=\"async\" width=\"150\" height=\"150\" src=\"https:\/\/entreprise-en-transition.fr\/wp-content\/uploads\/2022\/09\/logo-biodiversite-sm-150x150.png\" class=\"attachment-thumbnail size-thumbnail wp-image-1914\" alt=\"\" srcset=\"https:\/\/entreprise-en-transition.fr\/wp-content\/uploads\/2022\/09\/logo-biodiversite-sm-150x150.png 150w, https:\/\/entreprise-en-transition.fr\/wp-content\/uploads\/2022\/09\/logo-biodiversite-sm-298x300.png 298w, https:\/\/entreprise-en-transition.fr\/wp-content\/uploads\/2022\/09\/logo-biodiversite-sm-1016x1024.png 1016w, https:\/\/entreprise-en-transition.fr\/wp-content\/uploads\/2022\/09\/logo-biodiversite-sm-768x774.png 768w, https:\/\/entreprise-en-transition.fr\/wp-content\/uploads\/2022\/09\/logo-biodiversite-sm-1524x1536.png 1524w, https:\/\/entreprise-en-transition.fr\/wp-content\/uploads\/2022\/09\/logo-biodiversite-sm-1200x1209.png 1200w, https:\/\/entreprise-en-transition.fr\/wp-content\/uploads\/2022\/09\/logo-biodiversite-sm.png 1654w\" sizes=\"(max-width: 150px) 85vw, 150px\" \/>\t\t\t\t\t\t\t\t\t\t\t\t\t\t\t<\/div>\n\t\t\t\t<\/div>\n\t\t\t\t\t<\/div>\n\t\t<\/div>\n\t\t\t\t<div class=\"elementor-column elementor-col-50 elementor-top-column elementor-element elementor-element-76fe5c0\" data-id=\"76fe5c0\" data-element_type=\"column\" data-e-type=\"column\">\n\t\t\t<div class=\"elementor-widget-wrap elementor-element-populated\">\n\t\t\t\t\t\t<div class=\"elementor-element elementor-element-cbbe8fc elementor-widget elementor-widget-text-editor\" data-id=\"cbbe8fc\" data-element_type=\"widget\" data-e-type=\"widget\" data-widget_type=\"text-editor.default\">\n\t\t\t\t<div class=\"elementor-widget-container\">\n\t\t\t\t\t\t\t\t\t<ul>\n \t\n \t<li><a ><\/a>Commander l\u2019autocollant (\u00e0 partir de 1,5 \u20ac)<\/li>\n \t\n<\/ul>\t\t\t\t\t\t\t\t<\/div>\n\t\t\t\t<\/div>\n\t\t\t\t<div class=\"elementor-element elementor-element-c7743ae elementor-align-center elementor-widget elementor-widget-button\" data-id=\"c7743ae\" data-element_type=\"widget\" data-e-type=\"widget\" data-widget_type=\"button.default\">\n\t\t\t\t<div class=\"elementor-widget-container\">\n\t\t\t\t\t\t\t\t\t<div class=\"elementor-button-wrapper\">\n\t\t\t\t\t<a class=\"elementor-button elementor-button-link elementor-size-sm\" href=\"#\">\n\t\t\t\t\t\t<span class=\"elementor-button-content-wrapper\">\n\t\t\t\t\t\t\t\t\t<span class=\"elementor-button-text\">Ajouter au panier<\/span>\n\t\t\t\t\t<\/span>\n\t\t\t\t\t<\/a>\n\t\t\t\t<\/div>\n\t\t\t\t\t\t\t\t<\/div>\n\t\t\t\t<\/div>\n\t\t\t\t\t<\/div>\n\t\t<\/div>\n\t\t\t\t\t<\/div>\n\t\t<\/section>\n\t\t\t\t<section class=\"elementor-section elementor-top-section elementor-element elementor-element-35f6249 elementor-section-boxed elementor-section-height-default elementor-section-height-default\" data-id=\"35f6249\" data-element_type=\"section\" data-e-type=\"section\">\n\t\t\t\t\t\t<div class=\"elementor-container elementor-column-gap-default\">\n\t\t\t\t\t<div class=\"elementor-column elementor-col-100 elementor-top-column elementor-element elementor-element-c58f784\" data-id=\"c58f784\" data-element_type=\"column\" data-e-type=\"column\">\n\t\t\t<div class=\"elementor-widget-wrap elementor-element-populated\">\n\t\t\t\t\t\t<div class=\"elementor-element elementor-element-1a14efa elementor-widget elementor-widget-image\" data-id=\"1a14efa\" data-element_type=\"widget\" data-e-type=\"widget\" data-widget_type=\"image.default\">\n\t\t\t\t<div class=\"elementor-widget-container\">\n\t\t\t\t\t\t\t\t\t\t\t\t\t\t\t<img decoding=\"async\" width=\"150\" height=\"150\" src=\"https:\/\/entreprise-en-transition.fr\/wp-content\/uploads\/2022\/09\/logo-biodiversite-sm-150x150.png\" class=\"attachment-thumbnail size-thumbnail wp-image-1914\" alt=\"\" srcset=\"https:\/\/entreprise-en-transition.fr\/wp-content\/uploads\/2022\/09\/logo-biodiversite-sm-150x150.png 150w, https:\/\/entreprise-en-transition.fr\/wp-content\/uploads\/2022\/09\/logo-biodiversite-sm-298x300.png 298w, https:\/\/entreprise-en-transition.fr\/wp-content\/uploads\/2022\/09\/logo-biodiversite-sm-1016x1024.png 1016w, https:\/\/entreprise-en-transition.fr\/wp-content\/uploads\/2022\/09\/logo-biodiversite-sm-768x774.png 768w, https:\/\/entreprise-en-transition.fr\/wp-content\/uploads\/2022\/09\/logo-biodiversite-sm-1524x1536.png 1524w, https:\/\/entreprise-en-transition.fr\/wp-content\/uploads\/2022\/09\/logo-biodiversite-sm-1200x1209.png 1200w, https:\/\/entreprise-en-transition.fr\/wp-content\/uploads\/2022\/09\/logo-biodiversite-sm.png 1654w\" sizes=\"(max-width: 150px) 85vw, 150px\" \/>\t\t\t\t\t\t\t\t\t\t\t\t\t\t\t<\/div>\n\t\t\t\t<\/div>\n\t\t\t\t<div class=\"elementor-element elementor-element-7535edc elementor-align-center elementor-widget elementor-widget-button\" data-id=\"7535edc\" data-element_type=\"widget\" data-e-type=\"widget\" data-widget_type=\"button.default\">\n\t\t\t\t<div class=\"elementor-widget-container\">\n\t\t\t\t\t\t\t\t\t<div class=\"elementor-button-wrapper\">\n\t\t\t\t\t<a class=\"elementor-button elementor-button-link elementor-size-sm\" href=\"#\">\n\t\t\t\t\t\t<span class=\"elementor-button-content-wrapper\">\n\t\t\t\t\t\t\t\t\t<span class=\"elementor-button-text\">T\u00e9l\u00e9charger l'affiche<\/span>\n\t\t\t\t\t<\/span>\n\t\t\t\t\t<\/a>\n\t\t\t\t<\/div>\n\t\t\t\t\t\t\t\t<\/div>\n\t\t\t\t<\/div>\n\t\t\t\t\t<\/div>\n\t\t<\/div>\n\t\t\t\t\t<\/div>\n\t\t<\/section>\n\t\t\t\t<section class=\"elementor-section elementor-top-section elementor-element elementor-element-21bff35 elementor-section-boxed elementor-section-height-default elementor-section-height-default\" data-id=\"21bff35\" data-element_type=\"section\" data-e-type=\"section\">\n\t\t\t\t\t\t<div class=\"elementor-container elementor-column-gap-default\">\n\t\t\t\t\t<div class=\"elementor-column elementor-col-100 elementor-top-column elementor-element elementor-element-88934f7\" data-id=\"88934f7\" data-element_type=\"column\" data-e-type=\"column\">\n\t\t\t<div class=\"elementor-widget-wrap elementor-element-populated\">\n\t\t\t\t\t\t<div class=\"elementor-element elementor-element-8071c1d elementor-invisible elementor-widget elementor-widget-text-editor\" data-id=\"8071c1d\" data-element_type=\"widget\" data-e-type=\"widget\" data-settings=\"{&quot;_animation&quot;:&quot;fadeInLeft&quot;,&quot;_animation_delay&quot;:&quot;400&quot;}\" data-widget_type=\"text-editor.default\">\n\t\t\t\t<div class=\"elementor-widget-container\">\n\t\t\t\t\t\t\t\t\t<h2 style=\"text-align: center;\">Pour supports personnalis\u00e9s et fourniture de quantit\u00e9s\u00a0particuli\u00e8res, collectifs, associations, entreprises, institutions\u00a0:<\/h2>\t\t\t\t\t\t\t\t<\/div>\n\t\t\t\t<\/div>\n\t\t\t\t<div class=\"elementor-element elementor-element-d6e7db9 elementor-align-center elementor-mobile-align-justify elementor-invisible elementor-widget elementor-widget-button\" data-id=\"d6e7db9\" data-element_type=\"widget\" data-e-type=\"widget\" data-settings=\"{&quot;_animation&quot;:&quot;fadeInUp&quot;,&quot;_animation_delay&quot;:&quot;200&quot;}\" data-widget_type=\"button.default\">\n\t\t\t\t<div class=\"elementor-widget-container\">\n\t\t\t\t\t\t\t\t\t<div class=\"elementor-button-wrapper\">\n\t\t\t\t\t<a class=\"elementor-button elementor-button-link elementor-size-xl\" href=\"https:\/\/entreprise-en-transition.fr\/index.php\/contact\/\">\n\t\t\t\t\t\t<span class=\"elementor-button-content-wrapper\">\n\t\t\t\t\t\t\t\t\t<span class=\"elementor-button-text\">Nous contacter<\/span>\n\t\t\t\t\t<\/span>\n\t\t\t\t\t<\/a>\n\t\t\t\t<\/div>\n\t\t\t\t\t\t\t\t<\/div>\n\t\t\t\t<\/div>\n\t\t\t\t\t<\/div>\n\t\t<\/div>\n\t\t\t\t\t<\/div>\n\t\t<\/section>\n\t\t\t\t<\/div>\n\t\t","protected":false},"excerpt":{"rendered":"<p>Et si nous prenions soin de la biodiversit\u00e9, pour acc\u00e9l\u00e9rer la transition\u00a0? Les activit\u00e9s humaines mettent en p\u00e9ril la biodiversit\u00e9 \u00e0 l\u2019\u00e9chelle mondiale et toutes les composantes de l\u2019\u00e9cosyst\u00e8me vivant, dont nous faisons partie. L\u2019IPBES, Plateforme Intergouvernementale Scientifique et Politique sur la Biodiversit\u00e9 et les Services Ecosyst\u00e9miques (organisme relevant de l&rsquo;ONU), souligne en effet que &hellip; <a href=\"https:\/\/entreprise-en-transition.fr\/index.php\/et-si-nous-prenions-soin-de-la-biodiversite-pour-accelerer-la-transition\/\" class=\"more-link\">Continuer la lecture<span class=\"screen-reader-text\"> de &laquo;&nbsp;Et si nous prenions soin de la biodiversit\u00e9, pour acc\u00e9l\u00e9rer la transition\u00a0?&nbsp;&raquo;<\/span><\/a><\/p>\n","protected":false},"author":2,"featured_media":0,"parent":0,"menu_order":0,"comment_status":"closed","ping_status":"closed","template":"elementor_header_footer","meta":{"footnotes":""},"class_list":["post-1454","page","type-page","status-publish","hentry"],"_links":{"self":[{"href":"https:\/\/entreprise-en-transition.fr\/index.php\/wp-json\/wp\/v2\/pages\/1454","targetHints":{"allow":["GET"]}}],"collection":[{"href":"https:\/\/entreprise-en-transition.fr\/index.php\/wp-json\/wp\/v2\/pages"}],"about":[{"href":"https:\/\/entreprise-en-transition.fr\/index.php\/wp-json\/wp\/v2\/types\/page"}],"author":[{"embeddable":true,"href":"https:\/\/entreprise-en-transition.fr\/index.php\/wp-json\/wp\/v2\/users\/2"}],"replies":[{"embeddable":true,"href":"https:\/\/entreprise-en-transition.fr\/index.php\/wp-json\/wp\/v2\/comments?post=1454"}],"version-history":[{"count":34,"href":"https:\/\/entreprise-en-transition.fr\/index.php\/wp-json\/wp\/v2\/pages\/1454\/revisions"}],"predecessor-version":[{"id":1917,"href":"https:\/\/entreprise-en-transition.fr\/index.php\/wp-json\/wp\/v2\/pages\/1454\/revisions\/1917"}],"wp:attachment":[{"href":"https:\/\/entreprise-en-transition.fr\/index.php\/wp-json\/wp\/v2\/media?parent=1454"}],"curies":[{"name":"wp","href":"https:\/\/api.w.org\/{rel}","templated":true}]}}