{"id":607,"date":"2019-11-14T15:16:20","date_gmt":"2019-11-14T14:16:20","guid":{"rendered":"http:\/\/entreprise-en-transition.fr\/?page_id=607"},"modified":"2023-04-24T08:58:10","modified_gmt":"2023-04-24T06:58:10","slug":"jean-luc-w","status":"publish","type":"page","link":"https:\/\/entreprise-en-transition.fr\/index.php\/jean-luc-w\/","title":{"rendered":"Jean Luc W"},"content":{"rendered":"\t\t<div data-elementor-type=\"wp-page\" data-elementor-id=\"607\" class=\"elementor elementor-607\" data-elementor-post-type=\"page\">\n\t\t\t\t\t\t<section class=\"elementor-section elementor-top-section elementor-element elementor-element-70267524 elementor-section-stretched elementor-section-content-middle elementor-section-boxed elementor-section-height-default elementor-section-height-default\" data-id=\"70267524\" data-element_type=\"section\" data-e-type=\"section\" data-settings=\"{&quot;stretch_section&quot;:&quot;section-stretched&quot;,&quot;background_background&quot;:&quot;classic&quot;}\">\n\t\t\t\t\t\t<div class=\"elementor-container elementor-column-gap-default\">\n\t\t\t\t\t<div class=\"elementor-column elementor-col-100 elementor-top-column elementor-element elementor-element-7a814c58\" data-id=\"7a814c58\" data-element_type=\"column\" data-e-type=\"column\">\n\t\t\t<div class=\"elementor-widget-wrap elementor-element-populated\">\n\t\t\t\t\t\t<section class=\"elementor-section elementor-inner-section elementor-element elementor-element-4517b4d4 elementor-section-content-middle elementor-section-boxed elementor-section-height-default elementor-section-height-default\" data-id=\"4517b4d4\" data-element_type=\"section\" data-e-type=\"section\">\n\t\t\t\t\t\t<div class=\"elementor-container elementor-column-gap-default\">\n\t\t\t\t\t<div class=\"elementor-column elementor-col-50 elementor-inner-column elementor-element elementor-element-206a292d\" data-id=\"206a292d\" data-element_type=\"column\" data-e-type=\"column\">\n\t\t\t<div class=\"elementor-widget-wrap elementor-element-populated\">\n\t\t\t\t\t\t<div class=\"elementor-element elementor-element-6c529e90 elementor-widget elementor-widget-image\" data-id=\"6c529e90\" data-element_type=\"widget\" data-e-type=\"widget\" data-widget_type=\"image.default\">\n\t\t\t\t<div class=\"elementor-widget-container\">\n\t\t\t\t\t\t\t\t\t\t\t\t\t\t\t<img fetchpriority=\"high\" decoding=\"async\" width=\"292\" height=\"300\" src=\"https:\/\/entreprise-en-transition.fr\/wp-content\/uploads\/2023\/04\/jl-watzky-292x300.jpg\" class=\"attachment-medium size-medium wp-image-2590\" alt=\"\" srcset=\"https:\/\/entreprise-en-transition.fr\/wp-content\/uploads\/2023\/04\/jl-watzky-292x300.jpg 292w, https:\/\/entreprise-en-transition.fr\/wp-content\/uploads\/2023\/04\/jl-watzky-768x790.jpg 768w, https:\/\/entreprise-en-transition.fr\/wp-content\/uploads\/2023\/04\/jl-watzky.jpg 800w\" sizes=\"(max-width: 292px) 85vw, 292px\" \/>\t\t\t\t\t\t\t\t\t\t\t\t\t\t\t<\/div>\n\t\t\t\t<\/div>\n\t\t\t\t<div class=\"elementor-element elementor-element-794f3c8c elementor-widget elementor-widget-heading\" data-id=\"794f3c8c\" data-element_type=\"widget\" data-e-type=\"widget\" data-widget_type=\"heading.default\">\n\t\t\t\t<div class=\"elementor-widget-container\">\n\t\t\t\t\t<h6 class=\"elementor-heading-title elementor-size-default\">Jean-Luc Watzky<\/h6>\t\t\t\t<\/div>\n\t\t\t\t<\/div>\n\t\t\t\t<div class=\"elementor-element elementor-element-75a01f98 elementor-widget elementor-widget-heading\" data-id=\"75a01f98\" data-element_type=\"widget\" data-e-type=\"widget\" data-widget_type=\"heading.default\">\n\t\t\t\t<div class=\"elementor-widget-container\">\n\t\t\t\t\t<h2 class=\"elementor-heading-title elementor-size-default\">Coach, formateur, m\u00e9diateur et facilitateur.\n\n<br>Associ\u00e9 d\u2019Equipe &amp; D\u00e9veloppement Est<\/h2>\t\t\t\t<\/div>\n\t\t\t\t<\/div>\n\t\t\t\t\t<\/div>\n\t\t<\/div>\n\t\t\t\t<div class=\"elementor-column elementor-col-50 elementor-inner-column elementor-element elementor-element-15f6905c\" data-id=\"15f6905c\" data-element_type=\"column\" data-e-type=\"column\">\n\t\t\t<div class=\"elementor-widget-wrap elementor-element-populated\">\n\t\t\t\t\t\t<div class=\"elementor-element elementor-element-3e521370 elementor-widget elementor-widget-heading\" data-id=\"3e521370\" data-element_type=\"widget\" data-e-type=\"widget\" data-widget_type=\"heading.default\">\n\t\t\t\t<div class=\"elementor-widget-container\">\n\t\t\t\t\t<h2 class=\"elementor-heading-title elementor-size-default\">Sp\u00e9cialit\u00e9s <\/h2>\t\t\t\t<\/div>\n\t\t\t\t<\/div>\n\t\t\t\t<div class=\"elementor-element elementor-element-d0ac78e elementor-widget elementor-widget-text-editor\" data-id=\"d0ac78e\" data-element_type=\"widget\" data-e-type=\"widget\" data-widget_type=\"text-editor.default\">\n\t\t\t\t<div class=\"elementor-widget-container\">\n\t\t\t\t\t\t\t\t\t<strong>Coaching de managers et dirigeants :<\/strong>\u00a0d\u00e9veloppement du savoir-\u00eatre manag\u00e9rial et du leadership\n<br>\n<strong>Coaching d\u2019orientation et bilan de comp\u00e9tences<\/strong>\n<br>\n<strong>Coaching d\u2019\u00e9quipe,<\/strong>\u00a0diagnostic d\u2019organisation, vision strat\u00e9gique partag\u00e9e\n<br>\n<strong>Formation en communication relationnelle<\/strong>, pratiques collaboratives, conduite et accompagnement du changement, gestion des conflits\n<br>\n<strong>M\u00e9diation individuelle et de groupe<\/strong>\u00a0\u2013 Facilitation de dynamique collectives \u2013 Supervision\t\t\t\t\t\t\t\t<\/div>\n\t\t\t\t<\/div>\n\t\t\t\t\t<\/div>\n\t\t<\/div>\n\t\t\t\t\t<\/div>\n\t\t<\/section>\n\t\t\t\t\t<\/div>\n\t\t<\/div>\n\t\t\t\t\t<\/div>\n\t\t<\/section>\n\t\t\t\t<section class=\"elementor-section elementor-top-section elementor-element elementor-element-2405edd6 elementor-section-boxed elementor-section-height-default elementor-section-height-default\" data-id=\"2405edd6\" data-element_type=\"section\" data-e-type=\"section\">\n\t\t\t\t\t\t<div class=\"elementor-container elementor-column-gap-default\">\n\t\t\t\t\t<div class=\"elementor-column elementor-col-100 elementor-top-column elementor-element elementor-element-56abb2b8\" data-id=\"56abb2b8\" data-element_type=\"column\" data-e-type=\"column\">\n\t\t\t<div class=\"elementor-widget-wrap elementor-element-populated\">\n\t\t\t\t\t\t<div class=\"elementor-element elementor-element-6d1c390d elementor-widget elementor-widget-heading\" data-id=\"6d1c390d\" data-element_type=\"widget\" data-e-type=\"widget\" data-widget_type=\"heading.default\">\n\t\t\t\t<div class=\"elementor-widget-container\">\n\t\t\t\t\t<h2 class=\"elementor-heading-title elementor-size-default\">Formations<\/h2>\t\t\t\t<\/div>\n\t\t\t\t<\/div>\n\t\t\t\t<div class=\"elementor-element elementor-element-d2e1451 elementor-widget elementor-widget-text-editor\" data-id=\"d2e1451\" data-element_type=\"widget\" data-e-type=\"widget\" data-widget_type=\"text-editor.default\">\n\t\t\t\t<div class=\"elementor-widget-container\">\n\t\t\t\t\t\t\t\t\t<p>Certifi\u00e9 en Coaching et Team Building : Transformance \u2013 V. Lenhardt.<\/p><p>Form\u00e9 \u00e0 l\u2019Analyse Transactionnelle, \u00e0 la CNV (Communication NonViolente), \u00e0 l\u2019Investigation Appr\u00e9ciative et \u00e0 la d\u00e9marche Sociocratique (Gestion par consentement).<\/p><p><span style=\"font-size: 1em;\">Formation longue \u00e0 la m\u00e9diation par la CNV.<\/span><\/p>\t\t\t\t\t\t\t\t<\/div>\n\t\t\t\t<\/div>\n\t\t\t\t\t<\/div>\n\t\t<\/div>\n\t\t\t\t\t<\/div>\n\t\t<\/section>\n\t\t\t\t<section class=\"elementor-section elementor-top-section elementor-element elementor-element-6936fff5 elementor-section-boxed elementor-section-height-default elementor-section-height-default\" data-id=\"6936fff5\" data-element_type=\"section\" data-e-type=\"section\">\n\t\t\t\t\t\t<div class=\"elementor-container elementor-column-gap-default\">\n\t\t\t\t\t<div class=\"elementor-column elementor-col-100 elementor-top-column elementor-element elementor-element-5167ec04\" data-id=\"5167ec04\" data-element_type=\"column\" data-e-type=\"column\">\n\t\t\t<div class=\"elementor-widget-wrap elementor-element-populated\">\n\t\t\t\t\t\t<div class=\"elementor-element elementor-element-4e153ec9 elementor-widget elementor-widget-heading\" data-id=\"4e153ec9\" data-element_type=\"widget\" data-e-type=\"widget\" data-widget_type=\"heading.default\">\n\t\t\t\t<div class=\"elementor-widget-container\">\n\t\t\t\t\t<h2 class=\"elementor-heading-title elementor-size-default\">Parcours<\/h2>\t\t\t\t<\/div>\n\t\t\t\t<\/div>\n\t\t\t\t<div class=\"elementor-element elementor-element-72b486fc elementor-widget elementor-widget-text-editor\" data-id=\"72b486fc\" data-element_type=\"widget\" data-e-type=\"widget\" data-widget_type=\"text-editor.default\">\n\t\t\t\t<div class=\"elementor-widget-container\">\n\t\t\t\t\t\t\t\t\t<p>Apr\u00e8s un parcours d\u2019autodidacte agr\u00e9ment\u00e9 de nombreux voyages et d\u2019 exp\u00e9riences professionnelles tr\u00e8s diverses, Jean-Luc a fait l\u2019essentiel de son parcours dans l\u2019industrie de la manutention et du levage. Durant pr\u00e8s de 20 ans, il a occup\u00e9 des responsabilit\u00e9s commerciales, puis manag\u00e9riales. A travers ces diff\u00e9rentes exp\u00e9riences, ainsi que par son fort engagement et ses responsabilit\u00e9s dans le domaine associatif, il a pu exercer son int\u00e9r\u00eat passionn\u00e9 pour l\u2019art de la communication relationnelle, l\u2019alchimie de la coop\u00e9ration et la m\u00e9canique\u00a0 complexe du fonctionnement des organisations humaines.<\/p><p>Ayant accompli, en parall\u00e8le, un parcours constant de d\u00e9veloppement personnel et fait en 2002 la d\u00e9couverte d\u00e9cisive de la Communication Non Violente (CNV cr\u00e9\u00e9e par Marshal Rosenberg), il se forme en 2005 au coaching au sein de Transformance (Vincent Lenhardt) et \u00e0 la m\u00e9diation par la CNV.<\/p><p>A la suite de ces formations, il commence \u00e0 effectuer des missions de coaching et de formation comme partenaire d\u2019Equipe &amp; D\u00e9veloppement France. Puis, en 2008, il cr\u00e9e, avec ses deux associ\u00e9s, Equipe &amp; D\u00e9veloppement EST, dont il est toujours l\u2019un des dirigeants.<\/p><p>Confiant dans le potentiel de l\u2019\u00eatre humain et dans les possibilit\u00e9s infinies du changement individuel et collectif, Jean-Luc \u00e0 la conviction que l\u2019avenir se construit \u00e0 la hauteur de nos r\u00eaves et \u00e0 la mesure de notre confiance.<\/p><p>Il aime, par dessus-tout, accompagner les d\u00e9marches d\u2019\u00e9volution des personnes et des organisations vers le meilleur d\u2019elles-m\u00eames et cherche \u00e0 contribuer, d\u00e8s qu\u2019il en a l\u2019opportunit\u00e9, au renforcement de la capacit\u00e9 des acteurs du monde d\u2019aujourd\u2019hui \u00e0 mieux coop\u00e9rer entre eux.<\/p>\t\t\t\t\t\t\t\t<\/div>\n\t\t\t\t<\/div>\n\t\t\t\t\t<\/div>\n\t\t<\/div>\n\t\t\t\t\t<\/div>\n\t\t<\/section>\n\t\t\t\t<\/div>\n\t\t","protected":false},"excerpt":{"rendered":"<p>Jean-Luc Watzky Coach, formateur, m\u00e9diateur et facilitateur. Associ\u00e9 d\u2019Equipe &#038; D\u00e9veloppement Est Sp\u00e9cialit\u00e9s Coaching de managers et dirigeants :\u00a0d\u00e9veloppement du savoir-\u00eatre manag\u00e9rial et du leadership Coaching d\u2019orientation et bilan de comp\u00e9tences Coaching d\u2019\u00e9quipe,\u00a0diagnostic d\u2019organisation, vision strat\u00e9gique partag\u00e9e Formation en communication relationnelle, pratiques collaboratives, conduite et accompagnement du changement, gestion des conflits M\u00e9diation individuelle et de &hellip; <a href=\"https:\/\/entreprise-en-transition.fr\/index.php\/jean-luc-w\/\" class=\"more-link\">Continuer la lecture<span class=\"screen-reader-text\"> de &laquo;&nbsp;Jean Luc W&nbsp;&raquo;<\/span><\/a><\/p>\n","protected":false},"author":2,"featured_media":0,"parent":0,"menu_order":0,"comment_status":"closed","ping_status":"closed","template":"","meta":{"footnotes":""},"class_list":["post-607","page","type-page","status-publish","hentry"],"_links":{"self":[{"href":"https:\/\/entreprise-en-transition.fr\/index.php\/wp-json\/wp\/v2\/pages\/607","targetHints":{"allow":["GET"]}}],"collection":[{"href":"https:\/\/entreprise-en-transition.fr\/index.php\/wp-json\/wp\/v2\/pages"}],"about":[{"href":"https:\/\/entreprise-en-transition.fr\/index.php\/wp-json\/wp\/v2\/types\/page"}],"author":[{"embeddable":true,"href":"https:\/\/entreprise-en-transition.fr\/index.php\/wp-json\/wp\/v2\/users\/2"}],"replies":[{"embeddable":true,"href":"https:\/\/entreprise-en-transition.fr\/index.php\/wp-json\/wp\/v2\/comments?post=607"}],"version-history":[{"count":29,"href":"https:\/\/entreprise-en-transition.fr\/index.php\/wp-json\/wp\/v2\/pages\/607\/revisions"}],"predecessor-version":[{"id":2962,"href":"https:\/\/entreprise-en-transition.fr\/index.php\/wp-json\/wp\/v2\/pages\/607\/revisions\/2962"}],"wp:attachment":[{"href":"https:\/\/entreprise-en-transition.fr\/index.php\/wp-json\/wp\/v2\/media?parent=607"}],"curies":[{"name":"wp","href":"https:\/\/api.w.org\/{rel}","templated":true}]}}

<div data-elementor-type="wp-page" data-elementor-id="607" class="elementor elementor-607" data-elementor-post-type="page">
						<section class="elementor-section elementor-top-section elementor-element elementor-element-70267524 elementor-section-stretched elementor-section-content-middle elementor-section-boxed elementor-section-height-default elementor-section-height-default" data-id="70267524" data-element_type="section" data-e-type="section" data-settings="{&quot;stretch_section&quot;:&quot;section-stretched&quot;,&quot;background_background&quot;:&quot;classic&quot;}">
						<div class="elementor-container elementor-column-gap-default">
					<div class="elementor-column elementor-col-100 elementor-top-column elementor-element elementor-element-7a814c58" data-id="7a814c58" data-element_type="column" data-e-type="column">
			<div class="elementor-widget-wrap elementor-element-populated">
						<section class="elementor-section elementor-inner-section elementor-element elementor-element-4517b4d4 elementor-section-content-middle elementor-section-boxed elementor-section-height-default elementor-section-height-default" data-id="4517b4d4" data-element_type="section" data-e-type="section">
						<div class="elementor-container elementor-column-gap-default">
					<div class="elementor-column elementor-col-50 elementor-inner-column elementor-element elementor-element-206a292d" data-id="206a292d" data-element_type="column" data-e-type="column">
			<div class="elementor-widget-wrap elementor-element-populated">
						<div class="elementor-element elementor-element-6c529e90 elementor-widget elementor-widget-image" data-id="6c529e90" data-element_type="widget" data-e-type="widget" data-widget_type="image.default">
				<div class="elementor-widget-container">
															<img fetchpriority="high" decoding="async" width="292" height="300" src="https://entreprise-en-transition.fr/wp-content/uploads/2023/04/jl-watzky-292x300.jpg" class="attachment-medium size-medium wp-image-2590" alt="" srcset="https://entreprise-en-transition.fr/wp-content/uploads/2023/04/jl-watzky-292x300.jpg 292w, https://entreprise-en-transition.fr/wp-content/uploads/2023/04/jl-watzky-768x790.jpg 768w, https://entreprise-en-transition.fr/wp-content/uploads/2023/04/jl-watzky.jpg 800w" sizes="(max-width: 292px) 85vw, 292px" />															</div>
				</div>
				<div class="elementor-element elementor-element-794f3c8c elementor-widget elementor-widget-heading" data-id="794f3c8c" data-element_type="widget" data-e-type="widget" data-widget_type="heading.default">
				<div class="elementor-widget-container">
					<h6 class="elementor-heading-title elementor-size-default">Jean-Luc Watzky</h6>				</div>
				</div>
				<div class="elementor-element elementor-element-75a01f98 elementor-widget elementor-widget-heading" data-id="75a01f98" data-element_type="widget" data-e-type="widget" data-widget_type="heading.default">
				<div class="elementor-widget-container">
					<h2 class="elementor-heading-title elementor-size-default">Coach, formateur, médiateur et facilitateur.

<br>Associé d’Equipe &amp; Développement Est</h2>				</div>
				</div>
					</div>
		</div>
				<div class="elementor-column elementor-col-50 elementor-inner-column elementor-element elementor-element-15f6905c" data-id="15f6905c" data-element_type="column" data-e-type="column">
			<div class="elementor-widget-wrap elementor-element-populated">
						<div class="elementor-element elementor-element-3e521370 elementor-widget elementor-widget-heading" data-id="3e521370" data-element_type="widget" data-e-type="widget" data-widget_type="heading.default">
				<div class="elementor-widget-container">
					<h2 class="elementor-heading-title elementor-size-default">Spécialités </h2>				</div>
				</div>
				<div class="elementor-element elementor-element-d0ac78e elementor-widget elementor-widget-text-editor" data-id="d0ac78e" data-element_type="widget" data-e-type="widget" data-widget_type="text-editor.default">
				<div class="elementor-widget-container">
									<strong>Coaching de managers et dirigeants :</strong> développement du savoir-être managérial et du leadership
<br>
<strong>Coaching d’orientation et bilan de compétences</strong>
<br>
<strong>Coaching d’équipe,</strong> diagnostic d’organisation, vision stratégique partagée
<br>
<strong>Formation en communication relationnelle</strong>, pratiques collaboratives, conduite et accompagnement du changement, gestion des conflits
<br>
<strong>Médiation individuelle et de groupe</strong> – Facilitation de dynamique collectives – Supervision								</div>
				</div>
					</div>
		</div>
					</div>
		</section>
					</div>
		</div>
					</div>
		</section>
				<section class="elementor-section elementor-top-section elementor-element elementor-element-2405edd6 elementor-section-boxed elementor-section-height-default elementor-section-height-default" data-id="2405edd6" data-element_type="section" data-e-type="section">
						<div class="elementor-container elementor-column-gap-default">
					<div class="elementor-column elementor-col-100 elementor-top-column elementor-element elementor-element-56abb2b8" data-id="56abb2b8" data-element_type="column" data-e-type="column">
			<div class="elementor-widget-wrap elementor-element-populated">
						<div class="elementor-element elementor-element-6d1c390d elementor-widget elementor-widget-heading" data-id="6d1c390d" data-element_type="widget" data-e-type="widget" data-widget_type="heading.default">
				<div class="elementor-widget-container">
					<h2 class="elementor-heading-title elementor-size-default">Formations</h2>				</div>
				</div>
				<div class="elementor-element elementor-element-d2e1451 elementor-widget elementor-widget-text-editor" data-id="d2e1451" data-element_type="widget" data-e-type="widget" data-widget_type="text-editor.default">
				<div class="elementor-widget-container">
									<p>Certifié en Coaching et Team Building : Transformance – V. Lenhardt.</p><p>Formé à l’Analyse Transactionnelle, à la CNV (Communication NonViolente), à l’Investigation Appréciative et à la démarche Sociocratique (Gestion par consentement).</p><p><span style="font-size: 1em;">Formation longue à la médiation par la CNV.</span></p>								</div>
				</div>
					</div>
		</div>
					</div>
		</section>
				<section class="elementor-section elementor-top-section elementor-element elementor-element-6936fff5 elementor-section-boxed elementor-section-height-default elementor-section-height-default" data-id="6936fff5" data-element_type="section" data-e-type="section">
						<div class="elementor-container elementor-column-gap-default">
					<div class="elementor-column elementor-col-100 elementor-top-column elementor-element elementor-element-5167ec04" data-id="5167ec04" data-element_type="column" data-e-type="column">
			<div class="elementor-widget-wrap elementor-element-populated">
						<div class="elementor-element elementor-element-4e153ec9 elementor-widget elementor-widget-heading" data-id="4e153ec9" data-element_type="widget" data-e-type="widget" data-widget_type="heading.default">
				<div class="elementor-widget-container">
					<h2 class="elementor-heading-title elementor-size-default">Parcours</h2>				</div>
				</div>
				<div class="elementor-element elementor-element-72b486fc elementor-widget elementor-widget-text-editor" data-id="72b486fc" data-element_type="widget" data-e-type="widget" data-widget_type="text-editor.default">
				<div class="elementor-widget-container">
									<p>Après un parcours d’autodidacte agrémenté de nombreux voyages et d’ expériences professionnelles très diverses, Jean-Luc a fait l’essentiel de son parcours dans l’industrie de la manutention et du levage. Durant près de 20 ans, il a occupé des responsabilités commerciales, puis managériales. A travers ces différentes expériences, ainsi que par son fort engagement et ses responsabilités dans le domaine associatif, il a pu exercer son intérêt passionné pour l’art de la communication relationnelle, l’alchimie de la coopération et la mécanique  complexe du fonctionnement des organisations humaines.</p><p>Ayant accompli, en parallèle, un parcours constant de développement personnel et fait en 2002 la découverte décisive de la Communication Non Violente (CNV créée par Marshal Rosenberg), il se forme en 2005 au coaching au sein de Transformance (Vincent Lenhardt) et à la médiation par la CNV.</p><p>A la suite de ces formations, il commence à effectuer des missions de coaching et de formation comme partenaire d’Equipe &amp; Développement France. Puis, en 2008, il crée, avec ses deux associés, Equipe &amp; Développement EST, dont il est toujours l’un des dirigeants.</p><p>Confiant dans le potentiel de l’être humain et dans les possibilités infinies du changement individuel et collectif, Jean-Luc à la conviction que l’avenir se construit à la hauteur de nos rêves et à la mesure de notre confiance.</p><p>Il aime, par dessus-tout, accompagner les démarches d’évolution des personnes et des organisations vers le meilleur d’elles-mêmes et cherche à contribuer, dès qu’il en a l’opportunité, au renforcement de la capacité des acteurs du monde d’aujourd’hui à mieux coopérer entre eux.</p>								</div>
				</div>
					</div>
		</div>
					</div>
		</section>
				</div>

<p>Jean-Luc Watzky Coach, formateur, médiateur et facilitateur. Associé d’Equipe &#038; Développement Est Spécialités Coaching de managers et dirigeants : développement du savoir-être managérial et du leadership Coaching d’orientation et bilan de compétences Coaching d’équipe, diagnostic d’organisation, vision stratégique partagée Formation en communication relationnelle, pratiques collaboratives, conduite et accompagnement du changement, gestion des conflits Médiation individuelle et de &hellip; <a href="https://entreprise-en-transition.fr/index.php/jean-luc-w/" class="more-link">Continuer la lecture<span class="screen-reader-text"> de &laquo;&nbsp;Jean Luc W&nbsp;&raquo;</span></a></p>
