{"id":610,"date":"2019-11-14T15:17:59","date_gmt":"2019-11-14T14:17:59","guid":{"rendered":"http:\/\/entreprise-en-transition.fr\/?page_id=610"},"modified":"2020-03-19T11:24:51","modified_gmt":"2020-03-19T10:24:51","slug":"marcelin-g","status":"publish","type":"page","link":"https:\/\/entreprise-en-transition.fr\/index.php\/marcelin-g\/","title":{"rendered":"Marcelin G"},"content":{"rendered":"\t\t<div data-elementor-type=\"wp-page\" data-elementor-id=\"610\" class=\"elementor elementor-610\" data-elementor-post-type=\"page\">\n\t\t\t\t\t\t<section class=\"elementor-section elementor-top-section elementor-element elementor-element-94244dc elementor-section-stretched elementor-section-content-middle elementor-section-boxed elementor-section-height-default elementor-section-height-default\" data-id=\"94244dc\" data-element_type=\"section\" data-e-type=\"section\" data-settings=\"{&quot;stretch_section&quot;:&quot;section-stretched&quot;,&quot;background_background&quot;:&quot;classic&quot;}\">\n\t\t\t\t\t\t<div class=\"elementor-container elementor-column-gap-default\">\n\t\t\t\t\t<div class=\"elementor-column elementor-col-100 elementor-top-column elementor-element elementor-element-c904f06\" data-id=\"c904f06\" data-element_type=\"column\" data-e-type=\"column\">\n\t\t\t<div class=\"elementor-widget-wrap elementor-element-populated\">\n\t\t\t\t\t\t<section class=\"elementor-section elementor-inner-section elementor-element elementor-element-662bd622 elementor-section-content-middle elementor-section-boxed elementor-section-height-default elementor-section-height-default\" data-id=\"662bd622\" data-element_type=\"section\" data-e-type=\"section\">\n\t\t\t\t\t\t<div class=\"elementor-container elementor-column-gap-default\">\n\t\t\t\t\t<div class=\"elementor-column elementor-col-50 elementor-inner-column elementor-element elementor-element-fea8f2a\" data-id=\"fea8f2a\" data-element_type=\"column\" data-e-type=\"column\">\n\t\t\t<div class=\"elementor-widget-wrap elementor-element-populated\">\n\t\t\t\t\t\t<div class=\"elementor-element elementor-element-2e98e6f9 elementor-widget elementor-widget-image\" data-id=\"2e98e6f9\" data-element_type=\"widget\" data-e-type=\"widget\" data-widget_type=\"image.default\">\n\t\t\t\t<div class=\"elementor-widget-container\">\n\t\t\t\t\t\t\t\t\t\t\t\t\t\t\t<img decoding=\"async\" src=\"https:\/\/entreprise-en-transition.fr\/wp-content\/uploads\/elementor\/thumbs\/Marcellin_Grandjean-ogpkfye61locmnjehi2zsglczersg0h5b1mhzz22ko.jpg\" title=\"Marcellin_Grandjean.jpg\" alt=\"Marcellin_Grandjean.jpg\" loading=\"lazy\" \/>\t\t\t\t\t\t\t\t\t\t\t\t\t\t\t<\/div>\n\t\t\t\t<\/div>\n\t\t\t\t<div class=\"elementor-element elementor-element-43a9fde7 elementor-widget elementor-widget-heading\" data-id=\"43a9fde7\" data-element_type=\"widget\" data-e-type=\"widget\" data-widget_type=\"heading.default\">\n\t\t\t\t<div class=\"elementor-widget-container\">\n\t\t\t\t\t<h6 class=\"elementor-heading-title elementor-size-default\">Marcellin  Grandjean<\/h6>\t\t\t\t<\/div>\n\t\t\t\t<\/div>\n\t\t\t\t<div class=\"elementor-element elementor-element-52bb210 elementor-widget elementor-widget-heading\" data-id=\"52bb210\" data-element_type=\"widget\" data-e-type=\"widget\" data-widget_type=\"heading.default\">\n\t\t\t\t<div class=\"elementor-widget-container\">\n\t\t\t\t\t<h2 class=\"elementor-heading-title elementor-size-default\">Coach, formateur, m\u00e9diateur et facilitateur.\n<br><br>\nPartenaire d\u2019Equipe &amp; D\u00e9veloppement Est<\/h2>\t\t\t\t<\/div>\n\t\t\t\t<\/div>\n\t\t\t\t\t<\/div>\n\t\t<\/div>\n\t\t\t\t<div class=\"elementor-column elementor-col-50 elementor-inner-column elementor-element elementor-element-83c6f6e\" data-id=\"83c6f6e\" data-element_type=\"column\" data-e-type=\"column\">\n\t\t\t<div class=\"elementor-widget-wrap elementor-element-populated\">\n\t\t\t\t\t\t<div class=\"elementor-element elementor-element-2e87b05a elementor-widget elementor-widget-heading\" data-id=\"2e87b05a\" data-element_type=\"widget\" data-e-type=\"widget\" data-widget_type=\"heading.default\">\n\t\t\t\t<div class=\"elementor-widget-container\">\n\t\t\t\t\t<h2 class=\"elementor-heading-title elementor-size-default\">Sp\u00e9cialit\u00e9s <\/h2>\t\t\t\t<\/div>\n\t\t\t\t<\/div>\n\t\t\t\t<div class=\"elementor-element elementor-element-43ffb14d elementor-widget elementor-widget-text-editor\" data-id=\"43ffb14d\" data-element_type=\"widget\" data-e-type=\"widget\" data-widget_type=\"text-editor.default\">\n\t\t\t\t<div class=\"elementor-widget-container\">\n\t\t\t\t\t\t\t\t\t<strong><span class=\"gras-incolore\">Facilitation d\u2019ateliers collaboratifs<\/span><\/strong>\n<br>\n<span class=\"gras-incolore\"><strong>Coaching d\u2019\u00e9quipes<\/strong>\u00a0<strong>et d\u2019organisations<\/strong><\/span>\u00a0pour stimuler la coop\u00e9ration.\n<br>\nAccompagnement au d\u00e9veloppement d\u2019un\u00a0<strong>management collaboratif<\/strong>\n<br>\n<strong><span class=\"gras-incolore\">M\u00e9diation<\/span>\u00a0individuelle et de groupe<\/strong>\n<br>\n<strong><span class=\"gras-incolore\">Formation<\/span>\u00a0<\/strong>en facilitation par l\u2019intelligence collective, management\t\t\t\t\t\t\t\t<\/div>\n\t\t\t\t<\/div>\n\t\t\t\t\t<\/div>\n\t\t<\/div>\n\t\t\t\t\t<\/div>\n\t\t<\/section>\n\t\t\t\t\t<\/div>\n\t\t<\/div>\n\t\t\t\t\t<\/div>\n\t\t<\/section>\n\t\t\t\t<section class=\"elementor-section elementor-top-section elementor-element elementor-element-24faeed6 elementor-section-boxed elementor-section-height-default elementor-section-height-default\" data-id=\"24faeed6\" data-element_type=\"section\" data-e-type=\"section\">\n\t\t\t\t\t\t<div class=\"elementor-container elementor-column-gap-default\">\n\t\t\t\t\t<div class=\"elementor-column elementor-col-100 elementor-top-column elementor-element elementor-element-9bef3\" data-id=\"9bef3\" data-element_type=\"column\" data-e-type=\"column\">\n\t\t\t<div class=\"elementor-widget-wrap elementor-element-populated\">\n\t\t\t\t\t\t<div class=\"elementor-element elementor-element-2fecfa8c elementor-widget elementor-widget-heading\" data-id=\"2fecfa8c\" data-element_type=\"widget\" data-e-type=\"widget\" data-widget_type=\"heading.default\">\n\t\t\t\t<div class=\"elementor-widget-container\">\n\t\t\t\t\t<h2 class=\"elementor-heading-title elementor-size-default\">Formations<\/h2>\t\t\t\t<\/div>\n\t\t\t\t<\/div>\n\t\t\t\t<div class=\"elementor-element elementor-element-22f91a84 elementor-widget elementor-widget-text-editor\" data-id=\"22f91a84\" data-element_type=\"widget\" data-e-type=\"widget\" data-widget_type=\"text-editor.default\">\n\t\t\t\t<div class=\"elementor-widget-container\">\n\t\t\t\t\t\t\t\t\t<p>Dipl\u00f4m\u00e9 de l\u2019EM Strasbourg\u00a0: DESS conseil, gestion et d\u00e9veloppement d\u2019entreprise (2004)<\/p><p>Certifi\u00e9 praticien en Holacracy (Igi Partners), form\u00e9 \u00e0 la facilitation de Forum Ouvert (Awarness).<\/p><p>Formation sp\u00e9cifique \u00e0 la m\u00e9diation par la CNV (cursus long).<\/p>\t\t\t\t\t\t\t\t<\/div>\n\t\t\t\t<\/div>\n\t\t\t\t\t<\/div>\n\t\t<\/div>\n\t\t\t\t\t<\/div>\n\t\t<\/section>\n\t\t\t\t<section class=\"elementor-section elementor-top-section elementor-element elementor-element-75d4b06f elementor-section-boxed elementor-section-height-default elementor-section-height-default\" data-id=\"75d4b06f\" data-element_type=\"section\" data-e-type=\"section\">\n\t\t\t\t\t\t<div class=\"elementor-container elementor-column-gap-default\">\n\t\t\t\t\t<div class=\"elementor-column elementor-col-100 elementor-top-column elementor-element elementor-element-8c13cb9\" data-id=\"8c13cb9\" data-element_type=\"column\" data-e-type=\"column\">\n\t\t\t<div class=\"elementor-widget-wrap elementor-element-populated\">\n\t\t\t\t\t\t<div class=\"elementor-element elementor-element-71963146 elementor-widget elementor-widget-heading\" data-id=\"71963146\" data-element_type=\"widget\" data-e-type=\"widget\" data-widget_type=\"heading.default\">\n\t\t\t\t<div class=\"elementor-widget-container\">\n\t\t\t\t\t<h2 class=\"elementor-heading-title elementor-size-default\">Parcours<\/h2>\t\t\t\t<\/div>\n\t\t\t\t<\/div>\n\t\t\t\t<div class=\"elementor-element elementor-element-622dd3b2 elementor-widget elementor-widget-text-editor\" data-id=\"622dd3b2\" data-element_type=\"widget\" data-e-type=\"widget\" data-widget_type=\"text-editor.default\">\n\t\t\t\t<div class=\"elementor-widget-container\">\n\t\t\t\t\t\t\t\t\t<p>15 ans d\u2019exp\u00e9riences dans le d\u00e9veloppement commercial,\u00a0 la conduite d\u2019\u00e9quipe et la gestion d\u2019entreprise ont d\u00e9velopp\u00e9 chez lui une agilit\u00e9 \u00e0 engager chacun dans l\u2019action en prenant en compte\u00a0 les besoins et les id\u00e9es de tous.<br \/>Il a \u00e9t\u00e9 administrateur de l\u2019union r\u00e9gional des SCOP du Nord Est, et dirigeant de la SCOP GINKGO ESPACES VERTS pendant 6 ans. Il est maintenant Co-g\u00e9rant de la Coop Team Academy Alsace, qui accompagne les organisations dans leur transformation vers une organisation collaborative.<\/p><p>Int\u00e9grer chacun \u00e0 une vison d\u2019ensemble, pour donner \u00e0 l\u2019organisation la souplesse et l\u2019adaptabilit\u00e9\u00a0 n\u00e9cessaire\u00a0 dans un environnement en rapide mouvement, telle est la vis\u00e9e de Marcellin. Il explore les conditions facilitantes \u00e0 l\u2019\u00e9mergence du plein potentiel de chacun dans les organisations.<\/p><p>Il aime accompagner les organisations souhaitant lib\u00e9rer le potentiel de leurs collaborateurs.\u00a0<br \/>Son moteur r\u00e9side dans le fait de connecter chaque individu, \u00e9quipe ou organisation, \u00e0 ses\u00a0propres ressources afin de pouvoir ancrer tout changement dans une r\u00e9alit\u00e9 v\u00e9cue.\u00a0<br \/>Son approche est color\u00e9e par le processus de la communication non violente.\u00a0C\u2019est \u00e0 son sens un formidable moyen pour passer du Comment l\u2019organisation travaille au Pourquoi elle le fait, ceci gr\u00e2ce \u00e0\u00a0l\u2019identification des besoins de chacun.<br \/>Ses outils sont : Participatifs, Collaboratifs, Coop\u00e9ratifs et visent \u00e0 mobiliser l\u2019intelligence des \u00e9quipes.<\/p>\t\t\t\t\t\t\t\t<\/div>\n\t\t\t\t<\/div>\n\t\t\t\t\t<\/div>\n\t\t<\/div>\n\t\t\t\t\t<\/div>\n\t\t<\/section>\n\t\t\t\t<\/div>\n\t\t","protected":false},"excerpt":{"rendered":"<p>Marcellin Grandjean Coach, formateur, m\u00e9diateur et facilitateur. Partenaire d\u2019Equipe &#038; D\u00e9veloppement Est Sp\u00e9cialit\u00e9s Facilitation d\u2019ateliers collaboratifs Coaching d\u2019\u00e9quipes\u00a0et d\u2019organisations\u00a0pour stimuler la coop\u00e9ration. Accompagnement au d\u00e9veloppement d\u2019un\u00a0management collaboratif M\u00e9diation\u00a0individuelle et de groupe Formation\u00a0en facilitation par l\u2019intelligence collective, management Formations Dipl\u00f4m\u00e9 de l\u2019EM Strasbourg\u00a0: DESS conseil, gestion et d\u00e9veloppement d\u2019entreprise (2004) Certifi\u00e9 praticien en Holacracy (Igi Partners), &hellip; <a href=\"https:\/\/entreprise-en-transition.fr\/index.php\/marcelin-g\/\" class=\"more-link\">Continuer la lecture<span class=\"screen-reader-text\"> de &laquo;&nbsp;Marcelin G&nbsp;&raquo;<\/span><\/a><\/p>\n","protected":false},"author":2,"featured_media":0,"parent":0,"menu_order":0,"comment_status":"closed","ping_status":"closed","template":"","meta":{"footnotes":""},"class_list":["post-610","page","type-page","status-publish","hentry"],"_links":{"self":[{"href":"https:\/\/entreprise-en-transition.fr\/index.php\/wp-json\/wp\/v2\/pages\/610","targetHints":{"allow":["GET"]}}],"collection":[{"href":"https:\/\/entreprise-en-transition.fr\/index.php\/wp-json\/wp\/v2\/pages"}],"about":[{"href":"https:\/\/entreprise-en-transition.fr\/index.php\/wp-json\/wp\/v2\/types\/page"}],"author":[{"embeddable":true,"href":"https:\/\/entreprise-en-transition.fr\/index.php\/wp-json\/wp\/v2\/users\/2"}],"replies":[{"embeddable":true,"href":"https:\/\/entreprise-en-transition.fr\/index.php\/wp-json\/wp\/v2\/comments?post=610"}],"version-history":[{"count":4,"href":"https:\/\/entreprise-en-transition.fr\/index.php\/wp-json\/wp\/v2\/pages\/610\/revisions"}],"predecessor-version":[{"id":815,"href":"https:\/\/entreprise-en-transition.fr\/index.php\/wp-json\/wp\/v2\/pages\/610\/revisions\/815"}],"wp:attachment":[{"href":"https:\/\/entreprise-en-transition.fr\/index.php\/wp-json\/wp\/v2\/media?parent=610"}],"curies":[{"name":"wp","href":"https:\/\/api.w.org\/{rel}","templated":true}]}}